{"id":53,"date":"2016-07-03T19:42:52","date_gmt":"2016-07-03T19:42:52","guid":{"rendered":"http:\/\/allershausener-nachrichten.de\/?page_id=53"},"modified":"2016-07-05T08:29:25","modified_gmt":"2016-07-05T08:29:25","slug":"erinnerungs-service","status":"publish","type":"page","link":"https:\/\/allershausener-nachrichten.de\/?page_id=53","title":{"rendered":"Erinnerungs-Service"},"content":{"rendered":"<p>Vergessen Sie keinen Anzeigen- oder Redaktionsschluss mehr: tragen Sie sich f\u00fcr den Erinnerungs-Service ein (kann jederzeit wieder abgemeldet werden).<\/p>\n<p>Sie erhalten ein paar Tage vor Redaktionsschluss eine Erinnerungs-E-Mail.<\/p>\n<p><code><div id=\"newsletters-embed6647\" class=\"newsletters wpml widget_newsletters\"><div id=\"newsletters-embed6647-wrapper\"><!-- Subscribe Form -->\n\n\n\n<form action=\"\/index.php?rest_route=wpv2pages53&wpmlmethod=optin#newsletters-embed6647\" method=\"post\" id=\"newsletters-embed6647-form\" class=\"newsletters-form\" enctype=\"multipart\/form-data\">\n\n\t\t\t\t\t\t\t\t\t\t\t\t\t<input type=\"hidden\" name=\"instance[ajax]\" value=\"N\" \/>\n\t\t\t\t\t\t\t\t\t\t\t<input type=\"hidden\" name=\"instance[scroll]\" value=\"Y\" \/>\n\t\t\t\t\t\t\t\t<input type=\"hidden\" name=\"instance[list]\" value=\"1\" \/>\n\t\t\t\t\n\t\n\t<div id=\"newsletters-embed6647-fields\" class=\"newsletters-form-fields\">\n\t\t\t\t\t\t\t\t\t\t\t<div id=\"newsletters-newsletters-embed6647email-holder\" class=\"form-group  newsletters-fieldholder newsletters-fieldholder-visible email\"><label for=\"wpml-newsletters-embed6647email\" class=\"control-label wpmlcustomfield wpmlcustomfield1\">E-Mail Addresse<\/label><br\/><input placeholder=\"\" class=\"form-control wpml wpmltext\" id=\"wpml-newsletters-embed6647email\"  type=\"text\" name=\"email\" value=\"\" \/><\/div>\r\n\t\t\t\t\t\t\t<div id=\"newsletters-newsletters-embed6647consent-holder\" class=\"form-group  newsletters-fieldholder newsletters-fieldholder-visible consent\"><label for=\"wpml-newsletters-embed6647consent\" class=\"control-label wpmlcustomfield wpmlcustomfield3\">Consent<\/label><br\/><div class=\"checkbox\"><label class=\"control-label wpmlcheckboxlabel wpml\"><input class=\"wpmlcheckbox\" tabindex=\"966472\" type=\"checkbox\"  name=\"consent[]\" value=\"2\" \/> Ich erteile den Allerhausener Nachrichten die Erlaubnis, meine in diesem Formular angegebenen Daten zu erheben und zu verwenden.<\/label><\/div><p class=\"help-block wpmlcustomfieldcaption\">Bitte geben Sie uns Ihr Einverst\u00e4ndnis, dass wir Ihre Daten erheben und nutzen d\u00fcrfen (betrifft die E-Mail-Adresse ausschlie\u00dflich f\u00fcr die Verwendung zum Versand des Newsletters).<\/p><\/div>\r\n\t\t\t\t\t\t\t<div id=\"newsletters-newsletters-embed6647list-holder\" class=\"form-group  newsletters-fieldholder newsletters-fieldholder-hidden hidden list\"><input type=\"hidden\" name=\"list_id[]\" value=\"1\" \/><\/div>\r\n\t\t\t\t\t\t\t\n\t\t<script type=\"text\/javascript\">\n\t\tjQuery(document).ready(function() {\n\t\t\tjQuery('#newsletters-embed6647-form .newsletters-list-checkbox').on('click', function() { newsletters_refreshfields('newsletters-embed6647'); });\n\t\t\tjQuery('#newsletters-embed6647-form .newsletters-list-select').on('change', function() { newsletters_refreshfields('newsletters-embed6647'); });\n\t\t});\n\t\t<\/script>\n\t<\/div>\n\t\n\t    \n    <div class=\"newslettername-wrapper\" style=\"display:none;\">\n    \t<input type=\"text\" name=\"newslettername\" value=\"\" id=\"newsletters-embed6647newslettername\" class=\"newslettername\" \/>\n    <\/div>\n\t\n\t<div class=\"clearfix\"><\/div>\n\t\n\t<div id=\"newsletters-embed6647-submit\" class=\"form-group newsletters-fieldholder newsletters_submit\">\n\t\t<span id=\"newsletters_buttonwrap\">\n\t\t\t<button tabindex=&quot;966473&quot; type=\"submit\" class=\"button btn btn-primary\" name=\"subscribe\" id=\"newsletters-embed6647-button\">\n\t\t\t\t<span id=\"newsletters-embed6647-loading\" class=\"newsletters-loading-wrapper\" style=\"display:none;\">\n\t\t\t\t\t<i class=\"fa fa-refresh fa-spin fa-fw\"><\/i>\n\t\t\t\t<\/span>\n\t\t\t\tJetzt eintragen!\t\t\t<\/button>\n\t\t<\/span>\n\t<\/div>\n\n\t<div class=\"row\">\t\n\t\t<div class=\"newsletters-progress col-md-12\" style=\"display:none;\">\n\t\t\t<div class=\"progress\">\n\t\t\t\t<div class=\"progress-bar progress-bar-success progress-bar-striped active\" role=\"progressbar\" aria-valuenow=\"0\" aria-valuemin=\"0\" aria-valuemax=\"100\" style=\"width:0%;\">\n\t\t\t\t\t<span class=\"sr-only\">0% Complete<\/span>\n\t\t\t\t<\/div>\n\t\t\t<\/div>\n\t\t<\/div>\n\t<\/div>\n<\/form>\n\n\n<script type=\"text\/javascript\">\njQuery(document).ready(function() {\n\t\t\t\n\tif (jQuery.isFunction(jQuery.fn.select2)) {\n\t\tjQuery('.newsletters select').select2();\n\t}\n\t\n\t$recaptcha_element = jQuery('#newsletters-newsletters-embed6647-recaptcha-challenge');\n\n\tif (typeof grecaptcha !== 'undefined') {\n\t\tvar recaptcha_options = {\n\t\t\tsitekey: newsletters.recaptcha_sitekey,\n\t\t\ttheme: newsletters.recaptcha_theme,\n\t\t\ttype: 'image',\n\t\t\tsize: (newsletters.recaptcha_type === 'invisible' ? 'invisible' : 'normal'),\n\t\t\tcallback: function() {\t\t\t\t\t\t\t\n\t\t\t\tif (newsletters.recaptcha_type === 'invisible') {\n\t\t\t\t\t$form.submit();\n\t\t\t\t}\n\t\t\t},\n\t\t\t'expired-callback': function() {\t\t\t\t\t\t\t\n\t\t\t\tif (typeof $recaptcha_id !== 'undefined') {\n\t\t\t\t\tgrecaptcha.reset($recaptcha_id);\n\t\t\t\t}\n\t\t\t}\n\t\t};\n\t\t\n\t\tif (typeof grecaptcha !== 'undefined' && typeof grecaptcha.render !== 'undefined') {\n\t\t\t$recaptcha_id = grecaptcha.render($recaptcha_element[0], recaptcha_options, true);\n\t\t\t$recaptcha_loaded = true;\n\t\t}\n\t}\n\t\n\tjQuery('input:not(:button,:submit),textarea,select').focus(function(element) {\n\t\tjQuery(this).removeClass('newsletters_fielderror').nextAll('div.newsletters-field-error').slideUp();\t\n\t});\n\t\n\t$postpage = jQuery('.newsletters-management, .entry-content, .post-entry, .entry, .page-entry, .page-content');\n\t$form = $postpage.find('#newsletters-embed6647-form');\n\t$divs = $form.find('.newsletters-fieldholder:not(.newsletters_submit, .hidden)');\n\tfor (var i = 0; i < $divs.length; i += 2) {\n\t\t$divs.slice(i, i + 2).wrapAll('<div class=\"row\"><\/div>');\n\t}\n\tjQuery($divs).wrap('<div class=\"col-md-6\"><\/div>');\n});\n<\/script><\/div><\/div><\/code><\/p>\n","protected":false},"excerpt":{"rendered":"<p>Vergessen Sie keinen Anzeigen- oder Redaktionsschluss mehr: tragen Sie sich f\u00fcr den Erinnerungs-Service ein (kann jederzeit wieder abgemeldet werden). Sie erhalten ein paar Tage vor Redaktionsschluss eine Erinnerungs-E-Mail.<\/p>\n","protected":false},"author":1,"featured_media":0,"parent":0,"menu_order":0,"comment_status":"closed","ping_status":"closed","template":"","meta":{"footnotes":""},"class_list":["post-53","page","type-page","status-publish","hentry"],"uagb_featured_image_src":{"full":false,"thumbnail":false,"medium":false,"medium_large":false,"large":false,"1536x1536":false,"2048x2048":false,"thumb-small":false,"thumb-standard":false,"thumb-medium":false,"thumb-large":false,"thumb-xlarge":false,"thumb-xxlarge":false},"uagb_author_info":{"display_name":"sonja","author_link":"https:\/\/allershausener-nachrichten.de\/?author=1"},"uagb_comment_info":0,"uagb_excerpt":"Vergessen Sie keinen Anzeigen- oder Redaktionsschluss mehr: tragen Sie sich f\u00fcr den Erinnerungs-Service ein (kann jederzeit wieder abgemeldet werden). Sie erhalten ein paar Tage vor Redaktionsschluss eine Erinnerungs-E-Mail.","_links":{"self":[{"href":"https:\/\/allershausener-nachrichten.de\/index.php?rest_route=\/wp\/v2\/pages\/53","targetHints":{"allow":["GET"]}}],"collection":[{"href":"https:\/\/allershausener-nachrichten.de\/index.php?rest_route=\/wp\/v2\/pages"}],"about":[{"href":"https:\/\/allershausener-nachrichten.de\/index.php?rest_route=\/wp\/v2\/types\/page"}],"author":[{"embeddable":true,"href":"https:\/\/allershausener-nachrichten.de\/index.php?rest_route=\/wp\/v2\/users\/1"}],"replies":[{"embeddable":true,"href":"https:\/\/allershausener-nachrichten.de\/index.php?rest_route=%2Fwp%2Fv2%2Fcomments&post=53"}],"version-history":[{"count":10,"href":"https:\/\/allershausener-nachrichten.de\/index.php?rest_route=\/wp\/v2\/pages\/53\/revisions"}],"predecessor-version":[{"id":75,"href":"https:\/\/allershausener-nachrichten.de\/index.php?rest_route=\/wp\/v2\/pages\/53\/revisions\/75"}],"wp:attachment":[{"href":"https:\/\/allershausener-nachrichten.de\/index.php?rest_route=%2Fwp%2Fv2%2Fmedia&parent=53"}],"curies":[{"name":"wp","href":"https:\/\/api.w.org\/{rel}","templated":true}]}}